/4. Suppose -5*z + 687 = -l. What are the prime factors of z?
2, 5
Suppose r - 4*g + 0*g - 218 = 0, -g + 436 = 2*r. Let q = r - 114. What are the prime factors of q?
2, 13
Let w(t) = 87*t - 3. Let i = 8 + -3. Suppose i*j - 15 = 0, -5*j + 14 = 5*y - 2*j. What are the prime factors of w(y)?
2, 3, 7
Let p = 3771 + -1063. List the prime factors of p.
2, 677
Let b = 175 - 93. Let s be 2*b/9 + (-50)/225. Suppose -3*d - s = -4*d. List the prime factors of d.
2, 3
Suppose 1 - 13 = -3*r. Suppose -n - 2*f - 8 = 0, -n - 18 = -0*n + r*f. Suppose 2*l + 0*l - 36 = n*k, 12 = 3*k. List the prime factors of l.
2, 11
Let s be (0 - -2)/((-54)/(-405)). Suppose 7302 = s*d - 6108. What are the prime factors of d?
2, 3, 149
Suppose 0 = -4*g - 5*k + 37, -5*g + 0*g + 30 = 3*k. Suppose i = g*s - 41, 2*i + 6*s - 4*s = -74. Let q = 77 + i. List the prime factors of q.
3, 13
Let m = 4914 - 2730. List the prime factors of m/7 - (-1 + 4).
3, 103
Suppose 0 = 17*w + 14*w - 63240. Suppose c = -3*c + w. List the prime factors of c.
2, 3, 5, 17
Let s = 664 - 3. What are the prime factors of s?
661
List the prime factors of -1 - 5 - (-1 - 47760/10).
13, 367
Let q = -8 - -8. Suppose -4*j + 33 + 8 = 5*b, q = -5*b - 15. Suppose 4*f + 32 = 5*g - 114, g + 3*f = j. What are the prime factors of g?
2, 13
Suppose 6*m = 2*m. Let h(u) = -u**3 + 12*u**2 + 10*u + 59. Let q be h(13). Let t = q + m. What are the prime factors of t?
2, 5
What are the prime factors of (2/2)/((168/1746)/28)?
3, 97
Let t = 858 + -823. List the prime factors of 4*(8 - t/14).
2, 11
Suppose -2*k - 4 = -6*k - 4*c, 4*c - 31 = 5*k. Let o be 2/4*-6*-1 + k. Suppose o = 2*x - 7*f + 4*f - 92, 2*x = -2*f + 82. List the prime factors of x.
43
Let h(c) = -51*c**3 + c - 1. List the prime factors of h(-2).
3, 5
Let k(f) = 20*f**2 + 20*f + 48. Let s(t) = -t**2 + 13*t - 34. Let o be s(3). List the prime factors of k(o).
2, 3
Let k(d) = -d**3 + 8*d + 2. Let o be k(-4). Suppose -11640 = 22*p - o*p. List the prime factors of p.
2, 5, 97
Suppose -15*d = -16*d - 5*o + 32206, 0 = 5*d - o - 160848. What are the prime factors of d?
53, 607
Suppose -5*y - 24065 = -5*t, t - 46*y - 4795 = -51*y. List the prime factors of t.
2, 5, 13, 37
Let f = -17669 + 25256. What are the prime factors of f?
3, 281
Let l(o) = -491*o**3 + o**2 - 8*o + 6. Let r be l(1). Let k = r - -790. List the prime factors of k.
2, 149
Let s be (39/65)/((-1)/(-5)). Let i(g) = g**3 - 2*g**2 + 3*g - 2. Let a be i(s). Suppose 4*l = -a, -j + 3*l - 393 = -6*j. List the prime factors of j.
3
Let v(c) = -16*c + 2685. Let h be v(0). Let g = h - 1501. What are the prime factors of g?
2, 37
Let o(f) = 1. Let k(g) = 5 + 9 - 34*g - 28. Let x(b) = k(b) + 5*o(b). List the prime factors of x(-4).
127
Let n be 39399/(120/16 + -6). Suppose 0 = 41*u - n + 6668. List the prime factors of u.
2, 239
Let f(s) = 10*s**3 + 5*s**2 + 2*s + 165. List the prime factors of f(8).
7, 11, 73
Let o = 3064 - 451. List the prime factors of o.
3, 13, 67
Let g be -3 - -169 - (0 - -5). Let v = 299 + g. List the prime factors of v.
2, 5, 23
What are the prime factors of -17 + (-140655)/(-5) + 7?
61, 461
Let s = 981 + -212. Suppose -403 = -2*w + s. List the prime factors of w.
2, 293
Let h(v) = 11453*v - 397. List the prime factors of h(3).
2, 16981
Let g = -145 + 158. Suppose g*q = 5025 - 1476. What are the prime factors of q?
3, 7, 13
Suppose -26187 = -5*q - 2*l, -20943 = 7*q - 11*q + 5*l. What are the prime factors of q?
5237
Suppose 19*k = -136576 + 204967 + 185487. What are the prime factors of k?
2, 3, 17, 131
Let g(l) = 2*l**2 - 2*l - 21. Let v(s) = 7*s - 40. Let a be v(5). What are the prime factors of g(a)?
3, 13
Let p(y) = y**3 + 5*y**2 - 3*y + 2. Let u be p(0). Suppose 3*x + u*x - 6970 = 0. List the prime factors of x.
2, 17, 41
Suppose 4*c + r = -1 + 15, 5*r = 4*c - 2. Let k = -13 + c. List the prime factors of (-1 - 11)*(k - -4).
2, 3
Let l(x) = 26*x**2 + 2*x + 1. Suppose -6 = -2*f - 2, -5*t = -f - 378. Let b = t - 78. What are the prime factors of l(b)?
101
Let y = 43 - 46. What are the prime factors of (6 - 1/((-3)/1098)) + y?
3, 41
Suppose -38*h = -34*h - 30048. Suppose 7*b - 15*b = -h. What are the prime factors of b?
3, 313
Let o(c) = 11*c + 52. Let d be o(-4). Suppose j - 7*a = -d*a + 869, 4*a = 2*j - 1756. What are the prime factors of j?
2, 109
Suppose -18*x = 4150 - 102016. List the prime factors of x.
5437
Let i(k) = -3*k - 9. Let z be i(-4). Suppose 5*g + 745 = z*l, 2*g - l + 106 = -192. Let j = -33 - g. List the prime factors of j.
2, 29
Let n = 15 - 13. Suppose u + 7 + 9 = -5*x, 3*u - 17 = -n*x. What are the prime factors of (-6)/(-18) + 312/u?
5, 7
Suppose -2122 = 4*z - 2*m, -3*m + 5*m = -3*z - 1602. Let l = z - -794. List the prime factors of l.
2, 131
Let z(v) = 2*v**3 - 37*v**2 + 4*v + 53. List the prime factors of z(20).
31, 43
Suppose -2*g + b = 6*b - 23917, 0 = -3*g - 4*b + 35879. What are the prime factors of g?
3, 443
Let s = 7078 + -4862. What are the prime factors of s?
2, 277
Suppose 43*t - 40*t - 6 = 0. Suppose 3*n = 2*o + 164, 0 = n + 6*o - t*o - 64. What are the prime factors of n?
2, 7
Suppose 0*f = 3*f - 63. Suppose 4*q - 9*q = 635. Let a = f - q. What are the prime factors of a?
2, 37
Let g(t) be the third derivative of -13*t**4/24 + 62*t**3/3 - 2*t**2 - 9. List the prime factors of g(-31).
17, 31
Let b = 25 - 21. Let n(s) = 18*s**2 - 7*s + 13. Let w(q) = 19*q**2 - 7*q + 12. Let x(k) = 6*n(k) - 5*w(k). What are the prime factors of x(b)?
2, 3, 11
Suppose 380 = 4*b + 4. Suppose b = 36*d - 34*d. Suppose 28 = 3*f - d. What are the prime factors of f?
5
Suppose 6*d - 12 - 6 = 0. Suppose -d*x = -7*x + 1424. Suppose -i = -5*f + x, 6*f - 2*f = -3*i + 300. List the prime factors of f.
2, 3
Let l = 26250 + -11997. List the prime factors of l.
3, 4751
List the prime factors of (-10)/(-385) + 283200/231.
2, 613
Let i(l) = -24*l**3 + 6*l**2 + 101*l - 87. What are the prime factors of i(-10)?
19, 1237
Suppose -2*k - 2*c = -6, 29 - 14 = 5*k + 3*c. Suppose 2*f + 5*d = 1162, 5*f - 7*d - 2938 = -k*d. List the prime factors of f.
2, 293
Let d = -29298 + 44198. List the prime factors of d.
2, 5, 149
Let t(z) = z**3 + 5*z**2 - 16*z - 11. Let u be t(-7). Let v(h) = 6*h - 3. Let x be v(u). What are the prime factors of 0 + 1 - (x - 114)?
2, 5
Suppose 6 + 36 = -t. Let y = t - -37. What are the prime factors of (-4 - y)/(2/88)?
2, 11
Let s(f) = -9807*f - 91. What are the prime factors of s(-1)?
2, 7, 347
Let v = 382 + 196. Suppose -v = -2*o + 2188. List the prime factors of o.
3, 461
Suppose 4*r = -y + 22959, -3*y + 79231 = -r + 10419. What are the prime factors of y?
7, 29, 113
Suppose 9*d + 44 - 17 = 0. Let r be 3*2/d*2/(-1). Suppose -3*o + 396 = -5*f, -2*f + 493 = r*o + 3*f. List the prime factors of o.
127
Let v(f) = 39*f**3 + 14*f**2 - 237*f + 5. What are the prime factors of v(10)?
5, 7607
Suppose -2*b + 11 = h, 5*b - 24 - 2 = -2*h. Suppose 3*c = b*m - m + 456, 4*m + 3*c + 643 = 0. Let y = 265 + m. List the prime factors of y.
2, 3
Suppose 12*x = 16*x - 16. Suppose -6*g - x*g = -1920. Suppose -m + 5*m - g = 0. What are the prime factors of m?
2, 3
Let i(n) = n**3 - 10*n**2 - 8. Let u be i(10). Let f be u/(-44) + (-130)/(-11). Suppose -176 = -14*h + f*h. List the prime factors of h.
2, 11
What are the prime factors of (-2931)/(-3) - (-9)/(-24)*8?
2, 487
Suppose 4*u = 4*f + 156364, -f - 156346 = -120*u + 116*u. What are the prime factors of u?
5, 7817
Let b = 2564 - 1130. List the prime factors of b.
2, 3, 239
Let f = -891 - -16424. What are the prime factors of f?
7, 317
Let w(b) be the first derivative of b**4/4 + 4*b**3 + 17*b + 13. Let a be w(-12). Suppose a*f - 16*f - 293 = 0. List the prime factors of f.
293
Let v(w) = -w**2 + 36*w - 22. Let l be v(15). Let t(u) = 80*u + 1. Let i be t(-2). Let s = i + l. What are the prime factors of s?
2, 67
Suppose -4*o = 4*z + z - 42, 2*o + 4*z - 24 = 0. Let t = 151 + o. Suppose 0 = -4*p + 4*f + 250 + 98, -f + t = 2*p. What are the prime factors of p?
2, 41
Suppose -4*r + 120947 = 6*d + 15069, -3*d = 4*r - 105893. List the prime factors of r.
11, 29, 83
Let s(x) = -26*x + 3 - x**2 + 7*x - 18. Let k be s(-5). Suppose -7*m + 1203 - k = 0. What are the prime factors of m?
2, 41
Let b(z) = 982*z**2 - 539*z - 2. What are the prime factors of b(-